{"id":45,"date":"2025-09-03T23:47:00","date_gmt":"2025-09-03T20:47:00","guid":{"rendered":"http:\/\/localhost\/sarden\/?page_id=45"},"modified":"2026-02-18T00:07:59","modified_gmt":"2026-02-17T21:07:59","slug":"hakkimizda","status":"publish","type":"page","link":"https:\/\/www.sarden.com.tr\/?page_id=45","title":{"rendered":"Hakk\u0131m\u0131zda"},"content":{"rendered":"\n<div style=\"height:62px\" aria-hidden=\"true\" class=\"wp-block-spacer\"><\/div>\n\n\n\n<p class=\"has-text-align-center\">Sarden Otomotiv 2012 y\u0131l\u0131ndan bug\u00fcne, y\u0131llar\u0131n bilgi birikimi, tecr\u00fcbesi ve sekt\u00f6rdeki g\u00fcncel teknoloji ve yenilikleri yak\u0131ndan takip eden g\u00fc\u00e7l\u00fc kadrosu ile, siz de\u011ferli m\u00fc\u015fterilerimize lastik sat\u0131\u015f hizmeti vermektedir.<br>2020 y\u0131l\u0131nda, m\u00fc\u015fterilerimize daha kaliteli ve geni\u015f bir \u00fcr\u00fcn yelpazesi sunabilmek i\u00e7in, Hindistan&#8217;\u0131n en b\u00fcy\u00fck lastik \u00fcreticisi ve pazar lideri olan Apollo ve Hollanda markas\u0131 olan Vredestein lastiklerinin T\u00fcrkiye distrib\u00fct\u00f6rl\u00fcklerini ald\u0131k. \u00c7in&#8217;in \u00f6nde gelen lastik \u00fcreticilerinden Ling Long lastiklerinin T\u00fcrkiye distrib\u00fct\u00f6rl\u00fc\u011f\u00fcn\u00fc 2023 y\u0131l\u0131nda Sarden Otomotiv ailesine katt\u0131k.<br>Bunlar\u0131n yan\u0131nda Michelin gibi bir\u00e7ok markan\u0131n da tedarik ve sat\u0131\u015f\u0131n\u0131 ger\u00e7ekle\u015ftirmeye devam ediyoruz.<br>T\u00fcrkiye geneline geni\u015f bir bayi a\u011f\u0131 ile toptan binek ve kamyon lastik sat\u0131\u015f hizmeti vermekteyiz. Bayilerimize sat\u0131\u015f hizmetimizi www.b2bsarden.com.tr internet sitemiz \u00fczerinden sunmaktay\u0131z.<\/p>\n\n\n\n<p class=\"has-text-align-center\">\u00dcr\u00fcn \u00e7e\u015fitlili\u011fimiz, kalite standartlar\u0131m\u0131z ve m\u00fc\u015fteri memnuniyetimiz ile siz de\u011ferli m\u00fc\u015fterilerimize do\u011fru tercihi yapman\u0131zda yard\u0131mc\u0131 olmay\u0131 ilke edindik.<\/p>\n\n\n\n<p class=\"has-text-align-center\">Sarden Otomotiv sa\u011fl\u0131kl\u0131 s\u00fcr\u00fc\u015fler diler\u2026<\/p>\n\n\n\n<div style=\"height:100px\" aria-hidden=\"true\" class=\"wp-block-spacer\"><\/div>\n\n\n\n<div class=\"wp-block-group has-global-padding is-layout-constrained wp-block-group-is-layout-constrained\"><\/div>\n\n\n\n<div style=\"height:100px\" aria-hidden=\"true\" class=\"wp-block-spacer\"><\/div>\n","protected":false},"excerpt":{"rendered":"<p>Sarden Otomotiv 2012 y\u0131l\u0131ndan bug\u00fcne, y\u0131llar\u0131n bilgi birikimi, tecr\u00fcbesi ve sekt\u00f6rdeki g\u00fcncel teknoloji ve yenilikleri yak\u0131ndan takip eden g\u00fc\u00e7l\u00fc kadrosu ile, siz de\u011ferli m\u00fc\u015fterilerimize lastik sat\u0131\u015f hizmeti vermektedir.2020 y\u0131l\u0131nda, m\u00fc\u015fterilerimize daha kaliteli ve geni\u015f bir \u00fcr\u00fcn yelpazesi sunabilmek i\u00e7in, Hindistan&#8217;\u0131n en b\u00fcy\u00fck lastik \u00fcreticisi ve pazar lideri olan Apollo ve Hollanda markas\u0131 olan Vredestein lastiklerinin &hellip; <\/p>\n<p class=\"link-more\"><a href=\"https:\/\/www.sarden.com.tr\/?page_id=45\" class=\"more-link\"><span class=\"screen-reader-text\"> &#8220;Hakk\u0131m\u0131zda&#8221;<\/span>devam\u0131n\u0131 oku<\/a><\/p>\n","protected":false},"author":1,"featured_media":133,"parent":0,"menu_order":0,"comment_status":"closed","ping_status":"closed","template":"","meta":{"footnotes":""},"class_list":["post-45","page","type-page","status-publish","has-post-thumbnail","hentry"],"_links":{"self":[{"href":"https:\/\/www.sarden.com.tr\/index.php?rest_route=\/wp\/v2\/pages\/45","targetHints":{"allow":["GET"]}}],"collection":[{"href":"https:\/\/www.sarden.com.tr\/index.php?rest_route=\/wp\/v2\/pages"}],"about":[{"href":"https:\/\/www.sarden.com.tr\/index.php?rest_route=\/wp\/v2\/types\/page"}],"author":[{"embeddable":true,"href":"https:\/\/www.sarden.com.tr\/index.php?rest_route=\/wp\/v2\/users\/1"}],"replies":[{"embeddable":true,"href":"https:\/\/www.sarden.com.tr\/index.php?rest_route=%2Fwp%2Fv2%2Fcomments&post=45"}],"version-history":[{"count":14,"href":"https:\/\/www.sarden.com.tr\/index.php?rest_route=\/wp\/v2\/pages\/45\/revisions"}],"predecessor-version":[{"id":233,"href":"https:\/\/www.sarden.com.tr\/index.php?rest_route=\/wp\/v2\/pages\/45\/revisions\/233"}],"wp:featuredmedia":[{"embeddable":true,"href":"https:\/\/www.sarden.com.tr\/index.php?rest_route=\/wp\/v2\/media\/133"}],"wp:attachment":[{"href":"https:\/\/www.sarden.com.tr\/index.php?rest_route=%2Fwp%2Fv2%2Fmedia&parent=45"}],"curies":[{"name":"wp","href":"https:\/\/api.w.org\/{rel}","templated":true}]}}